ppose -2*u + 5 = -z, 3*z = u + v*u - 10. Let o(p) = p**2 - 6*p + 1. What is o(u)?
-4
Let r(q) = -q**3 + 33*q**2 + 41*q**2 + 33*q**2 + 40*q**2 - 163*q**2. Give r(-16).
0
Let y = -2086 + 2091. Let n(k) = 8*k - 3. Let q(x) = -9*x + 3. Suppose 2*z + i - 13 = 0, -10 = -z - 5*i + 1. Let c(v) = z*q(v) + 7*n(v). Calculate c(y).
7
Let g(m) = -3*m**2 - 4. Let t(r) = 3*r**2 + 26*r + 5 - 26*r. Let i(f) = 4*g(f) + 3*t(f). What is i(3)?
-28
Suppose 0 = -25*t + 93*t - 204. Let h(q) = -q - 206 - t*q + 236. Calculate h(7).
2
Let h(r) = -41*r - 41. Let n be h(-1). Suppose n = -86*o + 67*o - 152. Let x(v) be the third derivative of -v**5/60 - v**4/3 + v**3/6 + v**2. Give x(o).
1
Let b(z) = 22*z - 5. Let p = -3403 - -3402. Give b(p).
-27
Let v = 159 - 153. Let s(c) = -c**3 + 7*c**2 - 9*c + 19. Let l be s(v). Let w(u) = -6*u**3 + u**2 - 3*u + 2. Determine w(l).
-6
Suppose -131*p = 5*w - 130*p - 24, -w + 36 = -5*p. Let s(a) = -a**3 + 6*a**2 - 18. Calculate s(w).
-18
Let w(k) = -k**2 - 4. Let g = -51 + 7. Let z = 44 + g. Give w(z).
-4
Let a(w) be the first derivative of -1 + 0*w + 1/24*w**4 - 15/2*w**2 - 2/3*w**3. Let y(p) be the second derivative of a(p). What is y(6)?
2
Let l(r) = 3*r**3 + 51*r**2 + 2*r + 31. Let y be l(-17). Let n(i) = i**2 - i - 16. Calculate n(y).
-4
Suppose 8*a - 14*a = -18. Let r(j) = -5 + 2*j**3 + 3*j + 0*j + 2 - j**2 + 4 - 4*j**a. What is r(-2)?
7
Let y(g) = -7*g**3 - g**2 + g - 5. Let m(u) = -13*u**3 - 2*u**2 + u - 9. Let b(n) = 4*m(n) - 7*y(n). Let o be -12 + (50/(-15))/(3 - (-230)/(-69)). What is b(o)?
25
Let x(z) be the first derivative of 143 + 5*z + 0*z**2 - 14/3*z**3 - 1/4*z**4. Give x(-14).
5
Let y(x) be the third derivative of 31*x**4/12 + 47*x**3/6 - 6472*x**2. Calculate y(-1).
-15
Let x = 106 + -99. Let k be (-34)/(-51) - x/(-3). Let r(d) = 7*d**2 - 4*d**2 - 14*d + 17*d - d**3. Determine r(k).
9
Let v be 19/5 - 2*(-2)/(-5). Let p(i) = -2 + 12 + v*i - 10. Give p(-2).
-6
Let n(w) be the third derivative of -w**6/120 - 2*w**5/15 - w**4/12 - 5*w**3/3 - 2*w**2 - 363. Give n(-8).
6
Let y = 0 + 3. Suppose 38 = 4*a - 5*t, 3*a - 4*a + 6 = -y*t. Let i(z) = -8 + 2*z + a - 3*z. What is i(4)?
0
Let a(s) = s + 4. Let m be a(6). Let w(h) = -4*h + 1 - 13 + m + 5*h + 4. Calculate w(0).
2
Suppose -2*k = -3*t + 3, 0 = -4*k - 3*t + 3 + 18. Let u(c) = -c**3 + 6*c**2 - 4*c - 4. Give u(k).
11
Let o(f) = 304*f**2 - 156*f**2 + 2 - 150*f**2. Calculate o(4).
-30
Let a(t) be the second derivative of -7*t**3/6 + 229*t**2/2 - 35*t - 6. Give a(33).
-2
Let d(b) be the first derivative of -b**2/2 - b - 5. Suppose 0*g - g = -2*g. Suppose 4*x - l = -5, 4 = x - g*x - 2*l. What is d(x)?
1
Let t(r) be the second derivative of 19*r**3/6 + 169*r**2 + 3*r + 4. Let j be t(-18). Let q(w) = 3*w - 1. What is q(j)?
-13
Let o(f) = -f**3 + 14*f**2 + 15*f - 26. Let h be (4 - ((-56)/(-21) - -3))*-9. Determine o(h).
-26
Let p = 462 + 217. Let z = p - 362. Let m(x) = -1 + z*x - 319*x + 0. Calculate m(-2).
3
Let f be (-26)/(((55/15)/(-11))/((-1)/(-6))). Let a(y) = -4*y + 37. Determine a(f).
-15
Let z(j) be the first derivative of -18*j + 17 - 1/3*j**3 + 1/4*j**4 + 0*j**2. Give z(0).
-18
Let l(u) = -u + 12. Let o(f) = f**2 - 6*f - 24. Let j be o(0). Suppose -82 = 3*d - 5*v, 4*v - 39 = 2*d - d. Let p = d - j. Calculate l(p).
7
Let q(i) = 20*i - 98*i + 25*i + 54 + 25*i + 22*i. Calculate q(7).
12
Let a be ((-42)/84 + (-3)/(-2))*-13. Let o(x) = x**2 + 11*x - 5. Determine o(a).
21
Let r(h) = -h**2 - 6*h. Let i be (-6)/9 - ((-33)/9 - -3). Suppose -17*k + 8*k - 612 = i. Let v = k - -63. Give r(v).
5
Let o(q) = q**3 + 2*q**2 - 4*q + 2. Let j(n) = 50*n - 847. Let i be j(17). Calculate o(i).
35
Let l(d) = -2 + 233*d + 279*d + 51*d**2 - 515*d. Determine l(-1).
52
Let i be (22/(-4))/((-1)/8*2). Let c(s) = -5 - 12 - s**2 + i. Give c(0).
5
Let x(c) = 121*c - 56. Let h(g) = -171*g + 56. Let k(a) = 2*h(a) + 3*x(a). Determine k(4).
28
Let s = -10147 + 10133. Let p(y) be the third derivative of -y**4/24 - 11*y**3/3 + 7*y**2. What is p(s)?
-8
Let d be -5*(12/(-5) - -1). Suppose d*k = 9*k. Let b(n) = n**2 + 19*n + 0 + k - 22*n. Determine b(4).
4
Let u(y) = y**3 + 19*y**2 + 50*y + 10. Suppose -59*n + 332 - 1276 = 0. Calculate u(n).
-22
Let k(l) = -6*l - 3. Suppose -4*f - 22 = -v + 2, v + 4*f = -16. Suppose 3*r = 4*i + v*r + 7, 0 = 5*i - 4*r + 14. Determine k(i).
9
Suppose -4*h = -2 - 22. Let j(f) be the first derivative of -f**2 - f + 5710. What is j(h)?
-13
Let r(o) be the first derivative of o**4/4 - 8*o**3/3 - 19*o**2/2 - 14*o + 351. What is r(10)?
-4
Let f = 1134 - 420. Let s be (f/(-24))/7 + 3/(-4). Let j(w) = -7*w**2 - w + 4. Let c(g) = 6*g**2 + g - 3. Let l(o) = s*j(o) - 6*c(o). What is l(4)?
-22
Let p = -2423 - -2434. Let c(u) = -2*u**2 + 24*u - 28. Calculate c(p).
-6
Let f(p) be the third derivative of -p**6/120 - p**5/10 + p**4/4 - p**3 + p**2 - 524*p. Calculate f(-7).
1
Let u(d) = -2*d - 8. Let y be 3/(-24) - -1*100/32. Suppose y*i = -0*x + 3*x - 45, -3*i + 4*x = 50. Give u(i).
12
Suppose -9 + 5 = w, 56 = -5*r - 4*w. Let x(q) = -6. Let y(o) = -o + 10. Let b(l) = r*x(l) - 5*y(l). Let c(h) = h**2 + 6*h + 7. Let f be c(-5). Give b(f).
8
Let s(q) be the third derivative of q**4/24 - q**3/6 - 42*q**2. Let x = 335 - 332. Give s(x).
2
Let w(y) = 4*y**2 + 8*y + 7. Suppose t - 1 = -2*q, -q - 5*t + 18 = -5. Determine w(q).
7
Let b = -7047 - -7040. Let l(c) = -4*c - 35. Determine l(b).
-7
Suppose -27*d + 21*d - 36 = 0. Suppose 6*q - 2*q = 12. Let p(t) = 3*t - t + t**2 + q*t + t + 5. What is p(d)?
5
Let i(k) = k**3 - 2*k**2 + 1. Let q be i(1). Let g be (8/1)/(-2 + q/(-1)). Let h be (g + 0)*(-6)/8. Let l(f) = f**2 - 5*f + 1. Calculate l(h).
-5
Let m(f) be the second derivative of -f**4/12 + f**3/2 + 8*f**2 - 2*f + 2468. What is m(6)?
-2
Let c(j) = -5*j**2 - 3*j - 5. Let o(s) = 5*s**2 + s + 4. Let l(y) = 6*c(y) + 7*o(y). Let g(i) = -14*i**2 + 33*i + 6. Let q(f) = -6*g(f) - 17*l(f). Give q(-11).
-2
Let n(a) = 9*a**3 + 14*a**2 + 5*a. Let t(m) = -70*m**3 - 109*m**2 - 39*m - 3. Let r(f) = -23*n(f) - 3*t(f). Calculate r(-4).
-111
Let f(o) be the third derivative of -o**6/60 - 13*o**5/60 - o**4/4 - 3*o**3/2 + 8572*o**2. Calculate f(-7).
82
Let q(d) = 4*d - 31. Let k(c) = 2*c - 29. Let v(a) = -3*k(a) + 4*q(a). Let o be v(4). Let t(y) = -y**3 + 4*y**2 - 3*y + 1. Give t(o).
1
Let u(k) = 15*k**2 + 365*k + 0*k**3 - 361*k - 155 + 141 + 2*k**3. Determine u(-7).
7
Let z(y) = -y**2 - 2*y + 46. Let u be z(5). Let s(l) = 3*l - 32. Give s(u).
1
Let m(p) = -3 + 5*p + 11*p - 46*p + 31*p. Suppose 3*a = -43 + 1. Calculate m(a).
-17
Let w = 155 - 159. Let q(k) = -3*k**2 + 3*k - 4. Let l(c) = -2*c**2 + 3*c - 4. Let x(z) = w*l(z) + 3*q(z). Determine x(3).
-14
Let m(t) = 5*t**3 + t**2 - 4*t + 9. Let o be m(-3). Let l = o + 93. Let y(c) = -c - 5. Give y(l).
7
Let d be 4 - (4 - 94)/3. Let u be (-6)/(-15) - (-324)/(-10). Let c = u + d. Let m(a) = -4*a**3 + 2*a**2 + 2*a - 2. What is m(c)?
-22
Let r(j) be the first derivative of j**2/2 + 3*j - 29. Let d(s) = 7 + 3*s + 9 - 6 + 5. Let v be d(-5). What is r(v)?
3
Let c(f) be the third derivative of f**6/120 - 13*f**5/60 + 11*f**4/12 - 5*f**3/6 + f**2 - 592. Give c(11).
-5
Let o(i) be the first derivative of i**2 - 3*i - 1. Suppose -3*b + 6*c = -51, -8*b + 7*b - 5*c = 32. Calculate o(b).
3
Let y(s) = 6*s**2 - 144 - s**3 - 160 - 5*s + 326. Give y(4).
34
Let o(p) = 86*p - 901 + 1813 - 914. What is o(-1)?
-88
Let m(x) = 42*x**3 - x**2 - x + 1. Let r(s) = s**2 - 61*s + 901. Let b be r(25). Calculate m(b).
41
Let k(q) = q**3 - 44*q**2 - 47*q + 95. Let t(n) = n**3 + 56*n**2 - 308*n - 138. Let i be t(-61). Calculate k(i).
5
Let c(l) be the first derivative of -5*l**2/2 - 10*l - 2196. Determine c(-2).
0
Let m = -76 - -209. Suppose m + 140 = -21*h. Let z(s) = -s - 20. Determine z(h).
-7
Let o(w) = 2*w + 10. Let g be (-7)/42*4*-102. Suppose 92 - g = -3*c. Calculate o(c).
-6
Let i = 140 + -134. Let m(g) = 5*g + 19 - 10 - i. Calculate m(3).
18
Let a(h) = -11777*h + 5877*h + 5906*h - h**3 - 16 + 8*h**2. Calculate a(10).
-156
Let d be ((1/(-3))/(3/(-6)))/((-49)/(-98)). Let f(y) be the first derivative of 5 + 3/2*y**2 + d*y**3 - 3*y. Give f(2).
19
Let y(n) = 17*n**2 + 83*n + 12. Let i(r) = -5*r**2 - 25*r - 4. Let t(a) = -7*i(a) - 2*y(a). Determine t(-10).
14
Let w(k) be the second derivative of -17*k